{"id":1461,"date":"2023-05-15T09:15:43","date_gmt":"2023-05-15T12:15:43","guid":{"rendered":"https:\/\/www.eesc.usp.br\/cetepe\/?page_id=1461"},"modified":"2023-05-31T10:24:10","modified_gmt":"2023-05-31T13:24:10","slug":"localizacao","status":"publish","type":"page","link":"https:\/\/voyager.eesc.usp.br\/cetepe\/index.php\/localizacao\/","title":{"rendered":"Localiza\u00e7\u00e3o"},"content":{"rendered":"\t\t<div data-elementor-type=\"wp-page\" data-elementor-id=\"1461\" class=\"elementor elementor-1461\" data-elementor-settings=\"{&quot;ha_cmc_init_switcher&quot;:&quot;no&quot;}\" data-elementor-post-type=\"page\">\n\t\t\t\t\t\t<section class=\"elementor-section elementor-top-section elementor-element elementor-element-18fd1ae6 elementor-section-boxed elementor-section-height-default elementor-section-height-default\" data-id=\"18fd1ae6\" data-element_type=\"section\" data-e-type=\"section\" data-settings=\"{&quot;_ha_eqh_enable&quot;:false}\">\n\t\t\t\t\t\t<div class=\"elementor-container elementor-column-gap-default\">\n\t\t\t\t\t<div class=\"elementor-column elementor-col-100 elementor-top-column elementor-element elementor-element-36e0fd81\" data-id=\"36e0fd81\" data-element_type=\"column\" data-e-type=\"column\">\n\t\t\t<div class=\"elementor-widget-wrap elementor-element-populated\">\n\t\t\t\t\t\t<div class=\"elementor-element elementor-element-703a3c8a elementor-widget elementor-widget-heading\" data-id=\"703a3c8a\" data-element_type=\"widget\" data-e-type=\"widget\" data-widget_type=\"heading.default\">\n\t\t\t\t<div class=\"elementor-widget-container\">\n\t\t\t\t\t<h2 class=\"elementor-heading-title elementor-size-default\"> O CETEPE fica localizado na \u00c1rea I do Campus de S\u00e3o Carlos, que possui 3 entradas:<\/h2>\t\t\t\t<\/div>\n\t\t\t\t<\/div>\n\t\t\t\t\t<\/div>\n\t\t<\/div>\n\t\t\t\t\t<\/div>\n\t\t<\/section>\n\t\t\t\t<section class=\"elementor-section elementor-top-section elementor-element elementor-element-588ae033 elementor-section-boxed elementor-section-height-default elementor-section-height-default\" data-id=\"588ae033\" data-element_type=\"section\" data-e-type=\"section\" data-settings=\"{&quot;_ha_eqh_enable&quot;:false}\">\n\t\t\t\t\t\t<div class=\"elementor-container elementor-column-gap-default\">\n\t\t\t\t\t<div class=\"elementor-column elementor-col-100 elementor-top-column elementor-element elementor-element-3fe1016\" data-id=\"3fe1016\" data-element_type=\"column\" data-e-type=\"column\">\n\t\t\t<div class=\"elementor-widget-wrap elementor-element-populated\">\n\t\t\t\t\t\t<div class=\"elementor-element elementor-element-7a0b2d9f elementor-widget elementor-widget-text-editor\" data-id=\"7a0b2d9f\" data-element_type=\"widget\" data-e-type=\"widget\" data-widget_type=\"text-editor.default\">\n\t\t\t\t<div class=\"elementor-widget-container\">\n\t\t\t\t\t\t\t\t\t<ul><li>Principal &#8211; Av. Trabalhador S\u00e3o Carlense, 400 &#8211;<a href=\"https:\/\/goo.gl\/maps\/nK3JPQyMhNP9pFPJ8\"><span style=\"color: #00ccff;\">\u00a0mapa<\/span><\/a><\/li><li>Pra\u00e7a dos Universit\u00e1rios &#8211; Rua Miguel Petroni, 144 &#8211; <a href=\"https:\/\/goo.gl\/maps\/RawbhS9aoau12H248\"><span style=\"color: #00ccff;\">mapa<\/span><\/a><\/li><li>Pra\u00e7a XV &#8211; Av. Doutor Carlos Botelho (acesso apenas a p\u00e9) &#8211; <a href=\"https:\/\/goo.gl\/maps\/2VPqZ6gYN4N1K4sw7\"><span style=\"color: #00ccff;\">mapa<\/span><\/a><\/li><\/ul>\t\t\t\t\t\t\t\t<\/div>\n\t\t\t\t<\/div>\n\t\t\t\t\t<\/div>\n\t\t<\/div>\n\t\t\t\t\t<\/div>\n\t\t<\/section>\n\t\t\t\t<section class=\"elementor-section elementor-top-section elementor-element elementor-element-6c675e15 elementor-section-boxed elementor-section-height-default elementor-section-height-default\" data-id=\"6c675e15\" data-element_type=\"section\" data-e-type=\"section\" data-settings=\"{&quot;_ha_eqh_enable&quot;:false}\">\n\t\t\t\t\t\t<div class=\"elementor-container elementor-column-gap-default\">\n\t\t\t\t\t<div class=\"elementor-column elementor-col-33 elementor-top-column elementor-element elementor-element-5492940d\" data-id=\"5492940d\" data-element_type=\"column\" data-e-type=\"column\">\n\t\t\t<div class=\"elementor-widget-wrap elementor-element-populated\">\n\t\t\t\t\t\t<div class=\"elementor-element elementor-element-6ee60b93 elementor-widget elementor-widget-image\" data-id=\"6ee60b93\" data-element_type=\"widget\" data-e-type=\"widget\" data-widget_type=\"image.default\">\n\t\t\t\t<div class=\"elementor-widget-container\">\n\t\t\t\t\t\t\t\t\t\t\t\t\t\t\t<img fetchpriority=\"high\" decoding=\"async\" width=\"386\" height=\"270\" src=\"https:\/\/voyager.eesc.usp.br\/cetepe\/wp-content\/uploads\/2023\/05\/270940342711.jpg\" class=\"attachment-large size-large wp-image-1470\" alt=\"\" srcset=\"https:\/\/voyager.eesc.usp.br\/cetepe\/wp-content\/uploads\/2023\/05\/270940342711.jpg 386w, https:\/\/voyager.eesc.usp.br\/cetepe\/wp-content\/uploads\/2023\/05\/270940342711-300x210.jpg 300w\" sizes=\"(max-width: 386px) 100vw, 386px\" style=\"width:100%;height:69.95%;max-width:386px\" \/>\t\t\t\t\t\t\t\t\t\t\t\t\t\t\t<\/div>\n\t\t\t\t<\/div>\n\t\t\t\t<div class=\"elementor-element elementor-element-6412d78b elementor-widget elementor-widget-heading\" data-id=\"6412d78b\" data-element_type=\"widget\" data-e-type=\"widget\" data-widget_type=\"heading.default\">\n\t\t\t\t<div class=\"elementor-widget-container\">\n\t\t\t\t\t<h2 class=\"elementor-heading-title elementor-size-default\">Entrada Principal Campus 1<\/h2>\t\t\t\t<\/div>\n\t\t\t\t<\/div>\n\t\t\t\t\t<\/div>\n\t\t<\/div>\n\t\t\t\t<div class=\"elementor-column elementor-col-33 elementor-top-column elementor-element elementor-element-193c03f4\" data-id=\"193c03f4\" data-element_type=\"column\" data-e-type=\"column\">\n\t\t\t<div class=\"elementor-widget-wrap elementor-element-populated\">\n\t\t\t\t\t\t<div class=\"elementor-element elementor-element-6d03fee3 elementor-widget elementor-widget-image\" data-id=\"6d03fee3\" data-element_type=\"widget\" data-e-type=\"widget\" data-widget_type=\"image.default\">\n\t\t\t\t<div class=\"elementor-widget-container\">\n\t\t\t\t\t\t\t\t\t\t\t\t\t\t\t<img decoding=\"async\" width=\"386\" height=\"270\" src=\"https:\/\/voyager.eesc.usp.br\/cetepe\/wp-content\/uploads\/2023\/05\/102282960111.jpg\" class=\"attachment-large size-large wp-image-1471\" alt=\"\" srcset=\"https:\/\/voyager.eesc.usp.br\/cetepe\/wp-content\/uploads\/2023\/05\/102282960111.jpg 386w, https:\/\/voyager.eesc.usp.br\/cetepe\/wp-content\/uploads\/2023\/05\/102282960111-300x210.jpg 300w\" sizes=\"(max-width: 386px) 100vw, 386px\" style=\"width:100%;height:69.95%;max-width:386px\" \/>\t\t\t\t\t\t\t\t\t\t\t\t\t\t\t<\/div>\n\t\t\t\t<\/div>\n\t\t\t\t<div class=\"elementor-element elementor-element-2f6a6b83 elementor-widget elementor-widget-heading\" data-id=\"2f6a6b83\" data-element_type=\"widget\" data-e-type=\"widget\" data-widget_type=\"heading.default\">\n\t\t\t\t<div class=\"elementor-widget-container\">\n\t\t\t\t\t<h2 class=\"elementor-heading-title elementor-size-default\">Pra\u00e7a dos Universit\u00e1rios<\/h2>\t\t\t\t<\/div>\n\t\t\t\t<\/div>\n\t\t\t\t\t<\/div>\n\t\t<\/div>\n\t\t\t\t<div class=\"elementor-column elementor-col-33 elementor-top-column elementor-element elementor-element-67d9cc43\" data-id=\"67d9cc43\" data-element_type=\"column\" data-e-type=\"column\">\n\t\t\t<div class=\"elementor-widget-wrap elementor-element-populated\">\n\t\t\t\t\t\t<div class=\"elementor-element elementor-element-5e0ac36f elementor-widget elementor-widget-image\" data-id=\"5e0ac36f\" data-element_type=\"widget\" data-e-type=\"widget\" data-widget_type=\"image.default\">\n\t\t\t\t<div class=\"elementor-widget-container\">\n\t\t\t\t\t\t\t\t\t\t\t\t\t\t\t<img decoding=\"async\" width=\"386\" height=\"270\" src=\"https:\/\/voyager.eesc.usp.br\/cetepe\/wp-content\/uploads\/2023\/05\/75859103711.jpg\" class=\"attachment-large size-large wp-image-1472\" alt=\"\" srcset=\"https:\/\/voyager.eesc.usp.br\/cetepe\/wp-content\/uploads\/2023\/05\/75859103711.jpg 386w, https:\/\/voyager.eesc.usp.br\/cetepe\/wp-content\/uploads\/2023\/05\/75859103711-300x210.jpg 300w\" sizes=\"(max-width: 386px) 100vw, 386px\" style=\"width:100%;height:69.95%;max-width:386px\" \/>\t\t\t\t\t\t\t\t\t\t\t\t\t\t\t<\/div>\n\t\t\t\t<\/div>\n\t\t\t\t<div class=\"elementor-element elementor-element-4c0672bf elementor-widget elementor-widget-heading\" data-id=\"4c0672bf\" data-element_type=\"widget\" data-e-type=\"widget\" data-widget_type=\"heading.default\">\n\t\t\t\t<div class=\"elementor-widget-container\">\n\t\t\t\t\t<h2 class=\"elementor-heading-title elementor-size-default\">Entrada Pra\u00e7a XV<\/h2>\t\t\t\t<\/div>\n\t\t\t\t<\/div>\n\t\t\t\t\t<\/div>\n\t\t<\/div>\n\t\t\t\t\t<\/div>\n\t\t<\/section>\n\t\t\t\t<section class=\"elementor-section elementor-top-section elementor-element elementor-element-54e99826 elementor-section-boxed elementor-section-height-default elementor-section-height-default\" data-id=\"54e99826\" data-element_type=\"section\" data-e-type=\"section\" data-settings=\"{&quot;_ha_eqh_enable&quot;:false}\">\n\t\t\t\t\t\t<div class=\"elementor-container elementor-column-gap-default\">\n\t\t\t\t\t<div class=\"elementor-column elementor-col-100 elementor-top-column elementor-element elementor-element-16f1cc04\" data-id=\"16f1cc04\" data-element_type=\"column\" data-e-type=\"column\">\n\t\t\t<div class=\"elementor-widget-wrap elementor-element-populated\">\n\t\t\t\t\t\t<div class=\"elementor-element elementor-element-2c506376 elementor-widget elementor-widget-heading\" data-id=\"2c506376\" data-element_type=\"widget\" data-e-type=\"widget\" data-widget_type=\"heading.default\">\n\t\t\t\t<div class=\"elementor-widget-container\">\n\t\t\t\t\t<h2 class=\"elementor-heading-title elementor-size-default\">  Para chegar ao pr\u00e9dio do CETEPE, fa\u00e7a:<\/h2>\t\t\t\t<\/div>\n\t\t\t\t<\/div>\n\t\t\t\t\t<\/div>\n\t\t<\/div>\n\t\t\t\t\t<\/div>\n\t\t<\/section>\n\t\t\t\t<section class=\"elementor-section elementor-top-section elementor-element elementor-element-203d60c4 elementor-section-boxed elementor-section-height-default elementor-section-height-default\" data-id=\"203d60c4\" data-element_type=\"section\" data-e-type=\"section\" data-settings=\"{&quot;_ha_eqh_enable&quot;:false}\">\n\t\t\t\t\t\t<div class=\"elementor-container elementor-column-gap-default\">\n\t\t\t\t\t<div class=\"elementor-column elementor-col-100 elementor-top-column elementor-element elementor-element-55d690\" data-id=\"55d690\" data-element_type=\"column\" data-e-type=\"column\">\n\t\t\t<div class=\"elementor-widget-wrap elementor-element-populated\">\n\t\t\t\t\t\t<div class=\"elementor-element elementor-element-7cdc4736 elementor-widget elementor-widget-text-editor\" data-id=\"7cdc4736\" data-element_type=\"widget\" data-e-type=\"widget\" data-widget_type=\"text-editor.default\">\n\t\t\t\t<div class=\"elementor-widget-container\">\n\t\t\t\t\t\t\t\t\t<ul><li>Dirija-se \u00e0 \u00c1rea 1 do Campus da USP &#8211; <a href=\"https:\/\/goo.gl\/maps\/kTDgqb4o2Y4WRpE26\"><span style=\"color: #00ccff;\">mapa<\/span><\/a><\/li><li>Procure a pra\u00e7a central, na frente do edif\u00edcio E1 &#8211; <a href=\"https:\/\/goo.gl\/maps\/NkcXehwqVwGj7WGy9\"><span style=\"color: #00ccff;\">mapa<\/span><\/a><\/li><li>Caminhe na dire\u00e7\u00e3o do pr\u00e9dio da biblioteca central da EESC &#8211; <a href=\"https:\/\/goo.gl\/maps\/xV3UuCCdPfm2CfXe8\"><span style=\"color: #00ccff;\">mapa<\/span><\/a><\/li><\/ul>\t\t\t\t\t\t\t\t<\/div>\n\t\t\t\t<\/div>\n\t\t\t\t<div class=\"elementor-element elementor-element-5cbd83d6 elementor-widget elementor-widget-heading\" data-id=\"5cbd83d6\" data-element_type=\"widget\" data-e-type=\"widget\" data-widget_type=\"heading.default\">\n\t\t\t\t<div class=\"elementor-widget-container\">\n\t\t\t\t\t<h2 class=\"elementor-heading-title elementor-size-default\">O CETEPE est\u00e1 localizado ao lado da Biblioteca da EESC em frente a Pra\u00e7a Central<\/h2>\t\t\t\t<\/div>\n\t\t\t\t<\/div>\n\t\t\t\t\t<\/div>\n\t\t<\/div>\n\t\t\t\t\t<\/div>\n\t\t<\/section>\n\t\t\t\t<section class=\"elementor-section elementor-top-section elementor-element elementor-element-a7b610b elementor-section-boxed elementor-section-height-default elementor-section-height-default\" data-id=\"a7b610b\" data-element_type=\"section\" data-e-type=\"section\" data-settings=\"{&quot;_ha_eqh_enable&quot;:false}\">\n\t\t\t\t\t\t<div class=\"elementor-container elementor-column-gap-default\">\n\t\t\t\t\t<div class=\"elementor-column elementor-col-33 elementor-top-column elementor-element elementor-element-fbac65\" data-id=\"fbac65\" data-element_type=\"column\" data-e-type=\"column\">\n\t\t\t<div class=\"elementor-widget-wrap elementor-element-populated\">\n\t\t\t\t\t\t<div class=\"elementor-element elementor-element-3cf77ea4 elementor-widget elementor-widget-image\" data-id=\"3cf77ea4\" data-element_type=\"widget\" data-e-type=\"widget\" data-widget_type=\"image.default\">\n\t\t\t\t<div class=\"elementor-widget-container\">\n\t\t\t\t\t\t\t\t\t\t\t\t\t\t\t<img loading=\"lazy\" decoding=\"async\" width=\"750\" height=\"525\" src=\"https:\/\/voyager.eesc.usp.br\/cetepe\/wp-content\/uploads\/2023\/05\/WhatsApp-Image-2022-05-08-at-09.38.02-1-768x5381-1.jpeg\" class=\"attachment-large size-large wp-image-1474\" alt=\"\" srcset=\"https:\/\/voyager.eesc.usp.br\/cetepe\/wp-content\/uploads\/2023\/05\/WhatsApp-Image-2022-05-08-at-09.38.02-1-768x5381-1.jpeg 768w, https:\/\/voyager.eesc.usp.br\/cetepe\/wp-content\/uploads\/2023\/05\/WhatsApp-Image-2022-05-08-at-09.38.02-1-768x5381-1-300x210.jpeg 300w\" sizes=\"(max-width: 750px) 100vw, 750px\" style=\"width:100%;height:70.05%;max-width:768px\" \/>\t\t\t\t\t\t\t\t\t\t\t\t\t\t\t<\/div>\n\t\t\t\t<\/div>\n\t\t\t\t<div class=\"elementor-element elementor-element-60bea2c2 elementor-widget elementor-widget-heading\" data-id=\"60bea2c2\" data-element_type=\"widget\" data-e-type=\"widget\" data-widget_type=\"heading.default\">\n\t\t\t\t<div class=\"elementor-widget-container\">\n\t\t\t\t\t<h2 class=\"elementor-heading-title elementor-size-default\">Pra\u00e7a Central Campus 1<\/h2>\t\t\t\t<\/div>\n\t\t\t\t<\/div>\n\t\t\t\t\t<\/div>\n\t\t<\/div>\n\t\t\t\t<div class=\"elementor-column elementor-col-33 elementor-top-column elementor-element elementor-element-49375b8c\" data-id=\"49375b8c\" data-element_type=\"column\" data-e-type=\"column\">\n\t\t\t<div class=\"elementor-widget-wrap elementor-element-populated\">\n\t\t\t\t\t\t<div class=\"elementor-element elementor-element-46441112 elementor-widget elementor-widget-image\" data-id=\"46441112\" data-element_type=\"widget\" data-e-type=\"widget\" data-widget_type=\"image.default\">\n\t\t\t\t<div class=\"elementor-widget-container\">\n\t\t\t\t\t\t\t\t\t\t\t\t\t\t\t<img loading=\"lazy\" decoding=\"async\" width=\"357\" height=\"250\" src=\"https:\/\/voyager.eesc.usp.br\/cetepe\/wp-content\/uploads\/2023\/05\/102371137711.jpg\" class=\"attachment-large size-large wp-image-1475\" alt=\"\" srcset=\"https:\/\/voyager.eesc.usp.br\/cetepe\/wp-content\/uploads\/2023\/05\/102371137711.jpg 357w, https:\/\/voyager.eesc.usp.br\/cetepe\/wp-content\/uploads\/2023\/05\/102371137711-300x210.jpg 300w\" sizes=\"(max-width: 357px) 100vw, 357px\" style=\"width:100%;height:70.03%;max-width:357px\" \/>\t\t\t\t\t\t\t\t\t\t\t\t\t\t\t<\/div>\n\t\t\t\t<\/div>\n\t\t\t\t<div class=\"elementor-element elementor-element-1d5f75e5 elementor-widget elementor-widget-heading\" data-id=\"1d5f75e5\" data-element_type=\"widget\" data-e-type=\"widget\" data-widget_type=\"heading.default\">\n\t\t\t\t<div class=\"elementor-widget-container\">\n\t\t\t\t\t<h2 class=\"elementor-heading-title elementor-size-default\">Entrada Biblioteca Central<\/h2>\t\t\t\t<\/div>\n\t\t\t\t<\/div>\n\t\t\t\t\t<\/div>\n\t\t<\/div>\n\t\t\t\t<div class=\"elementor-column elementor-col-33 elementor-top-column elementor-element elementor-element-59adbd4d\" data-id=\"59adbd4d\" data-element_type=\"column\" data-e-type=\"column\">\n\t\t\t<div class=\"elementor-widget-wrap elementor-element-populated\">\n\t\t\t\t\t\t<div class=\"elementor-element elementor-element-11146e2d elementor-widget elementor-widget-image\" data-id=\"11146e2d\" data-element_type=\"widget\" data-e-type=\"widget\" data-widget_type=\"image.default\">\n\t\t\t\t<div class=\"elementor-widget-container\">\n\t\t\t\t\t\t\t\t\t\t\t\t\t\t\t<img loading=\"lazy\" decoding=\"async\" width=\"357\" height=\"250\" src=\"https:\/\/voyager.eesc.usp.br\/cetepe\/wp-content\/uploads\/2023\/05\/365075565011.jpg\" class=\"attachment-large size-large wp-image-1476\" alt=\"\" srcset=\"https:\/\/voyager.eesc.usp.br\/cetepe\/wp-content\/uploads\/2023\/05\/365075565011.jpg 357w, https:\/\/voyager.eesc.usp.br\/cetepe\/wp-content\/uploads\/2023\/05\/365075565011-300x210.jpg 300w\" sizes=\"(max-width: 357px) 100vw, 357px\" style=\"width:100%;height:70.03%;max-width:357px\" \/>\t\t\t\t\t\t\t\t\t\t\t\t\t\t\t<\/div>\n\t\t\t\t<\/div>\n\t\t\t\t<div class=\"elementor-element elementor-element-619a4ad6 elementor-widget elementor-widget-heading\" data-id=\"619a4ad6\" data-element_type=\"widget\" data-e-type=\"widget\" data-widget_type=\"heading.default\">\n\t\t\t\t<div class=\"elementor-widget-container\">\n\t\t\t\t\t<h2 class=\"elementor-heading-title elementor-size-default\">Entrada CETEPE<\/h2>\t\t\t\t<\/div>\n\t\t\t\t<\/div>\n\t\t\t\t\t<\/div>\n\t\t<\/div>\n\t\t\t\t\t<\/div>\n\t\t<\/section>\n\t\t\t\t<section class=\"elementor-section elementor-top-section elementor-element elementor-element-6f863540 elementor-section-boxed elementor-section-height-default elementor-section-height-default\" data-id=\"6f863540\" data-element_type=\"section\" data-e-type=\"section\" data-settings=\"{&quot;_ha_eqh_enable&quot;:false}\">\n\t\t\t\t\t\t<div class=\"elementor-container elementor-column-gap-default\">\n\t\t\t\t\t<div class=\"elementor-column elementor-col-100 elementor-top-column elementor-element elementor-element-3c647803\" data-id=\"3c647803\" data-element_type=\"column\" data-e-type=\"column\">\n\t\t\t<div class=\"elementor-widget-wrap elementor-element-populated\">\n\t\t\t\t\t\t<div class=\"elementor-element elementor-element-759ea0d0 elementor-widget elementor-widget-heading\" data-id=\"759ea0d0\" data-element_type=\"widget\" data-e-type=\"widget\" data-widget_type=\"heading.default\">\n\t\t\t\t<div class=\"elementor-widget-container\">\n\t\t\t\t\t<h2 class=\"elementor-heading-title elementor-size-default\">Hor\u00e1rios e Contatos<\/h2>\t\t\t\t<\/div>\n\t\t\t\t<\/div>\n\t\t\t\t\t<\/div>\n\t\t<\/div>\n\t\t\t\t\t<\/div>\n\t\t<\/section>\n\t\t\t\t<section class=\"elementor-section elementor-top-section elementor-element elementor-element-34bcb437 elementor-section-boxed elementor-section-height-default elementor-section-height-default\" data-id=\"34bcb437\" data-element_type=\"section\" data-e-type=\"section\" data-settings=\"{&quot;_ha_eqh_enable&quot;:false}\">\n\t\t\t\t\t\t<div class=\"elementor-container elementor-column-gap-default\">\n\t\t\t\t\t<div class=\"elementor-column elementor-col-33 elementor-top-column elementor-element elementor-element-70cf92af\" data-id=\"70cf92af\" data-element_type=\"column\" data-e-type=\"column\" data-settings=\"{&quot;background_background&quot;:&quot;classic&quot;}\">\n\t\t\t<div class=\"elementor-widget-wrap elementor-element-populated\">\n\t\t\t\t\t\t<div class=\"elementor-element elementor-element-317d2e49 elementor-view-default elementor-widget elementor-widget-icon\" data-id=\"317d2e49\" data-element_type=\"widget\" data-e-type=\"widget\" data-widget_type=\"icon.default\">\n\t\t\t\t<div class=\"elementor-widget-container\">\n\t\t\t\t\t\t\t<div class=\"elementor-icon-wrapper\">\n\t\t\t<div class=\"elementor-icon\">\n\t\t\t<i aria-hidden=\"true\" class=\"fas fa-user-clock\"><\/i>\t\t\t<\/div>\n\t\t<\/div>\n\t\t\t\t\t\t<\/div>\n\t\t\t\t<\/div>\n\t\t\t\t<div class=\"elementor-element elementor-element-5aa29e44 elementor-widget elementor-widget-text-editor\" data-id=\"5aa29e44\" data-element_type=\"widget\" data-e-type=\"widget\" data-widget_type=\"text-editor.default\">\n\t\t\t\t<div class=\"elementor-widget-container\">\n\t\t\t\t\t\t\t\t\t<p style=\"text-align: center;\">Hor\u00e1rios de Funcionamento<br \/>Seg &#8211; Sex : 8:00 ~ 12:00\u00a0 &#8211;\u00a0 13:00 ~ 17:30<br \/>S\u00e1b &#8211; Dom : N\u00e3o h\u00e1 atividades<\/p>\t\t\t\t\t\t\t\t<\/div>\n\t\t\t\t<\/div>\n\t\t\t\t\t<\/div>\n\t\t<\/div>\n\t\t\t\t<div class=\"elementor-column elementor-col-33 elementor-top-column elementor-element elementor-element-11812d7e\" data-id=\"11812d7e\" data-element_type=\"column\" data-e-type=\"column\" data-settings=\"{&quot;background_background&quot;:&quot;classic&quot;}\">\n\t\t\t<div class=\"elementor-widget-wrap elementor-element-populated\">\n\t\t\t\t\t\t<div class=\"elementor-element elementor-element-6e7668b5 elementor-view-default elementor-widget elementor-widget-icon\" data-id=\"6e7668b5\" data-element_type=\"widget\" data-e-type=\"widget\" data-widget_type=\"icon.default\">\n\t\t\t\t<div class=\"elementor-widget-container\">\n\t\t\t\t\t\t\t<div class=\"elementor-icon-wrapper\">\n\t\t\t<div class=\"elementor-icon\">\n\t\t\t<i aria-hidden=\"true\" class=\"fas fa-at\"><\/i>\t\t\t<\/div>\n\t\t<\/div>\n\t\t\t\t\t\t<\/div>\n\t\t\t\t<\/div>\n\t\t\t\t<div class=\"elementor-element elementor-element-7405ba20 elementor-widget elementor-widget-text-editor\" data-id=\"7405ba20\" data-element_type=\"widget\" data-e-type=\"widget\" data-widget_type=\"text-editor.default\">\n\t\t\t\t<div class=\"elementor-widget-container\">\n\t\t\t\t\t\t\t\t\t<p style=\"text-align: center;\">Email para Contato<br \/><span style=\"color: #ffffff;\"><a style=\"color: #ffffff;\" href=\"mailto:cetepe@eesc.usp.br\">cetepe@eesc.usp.br<\/a><\/span><\/p>\t\t\t\t\t\t\t\t<\/div>\n\t\t\t\t<\/div>\n\t\t\t\t\t<\/div>\n\t\t<\/div>\n\t\t\t\t<div class=\"elementor-column elementor-col-33 elementor-top-column elementor-element elementor-element-652816a9\" data-id=\"652816a9\" data-element_type=\"column\" data-e-type=\"column\" data-settings=\"{&quot;background_background&quot;:&quot;classic&quot;}\">\n\t\t\t<div class=\"elementor-widget-wrap elementor-element-populated\">\n\t\t\t\t\t\t<div class=\"elementor-element elementor-element-16b4c18f elementor-view-default elementor-widget elementor-widget-icon\" data-id=\"16b4c18f\" data-element_type=\"widget\" data-e-type=\"widget\" data-widget_type=\"icon.default\">\n\t\t\t\t<div class=\"elementor-widget-container\">\n\t\t\t\t\t\t\t<div class=\"elementor-icon-wrapper\">\n\t\t\t<div class=\"elementor-icon\">\n\t\t\t<i aria-hidden=\"true\" class=\"fas fa-phone-volume\"><\/i>\t\t\t<\/div>\n\t\t<\/div>\n\t\t\t\t\t\t<\/div>\n\t\t\t\t<\/div>\n\t\t\t\t<div class=\"elementor-element elementor-element-66e27dac elementor-widget elementor-widget-text-editor\" data-id=\"66e27dac\" data-element_type=\"widget\" data-e-type=\"widget\" data-widget_type=\"text-editor.default\">\n\t\t\t\t<div class=\"elementor-widget-container\">\n\t\t\t\t\t\t\t\t\t<p style=\"text-align: center;\">Telefone<br \/>+55 (016) 3373-9256<\/p>\t\t\t\t\t\t\t\t<\/div>\n\t\t\t\t<\/div>\n\t\t\t\t\t<\/div>\n\t\t<\/div>\n\t\t\t\t\t<\/div>\n\t\t<\/section>\n\t\t\t\t<section class=\"elementor-section elementor-top-section elementor-element elementor-element-7cfdbd33 elementor-section-boxed elementor-section-height-default elementor-section-height-default\" data-id=\"7cfdbd33\" data-element_type=\"section\" data-e-type=\"section\" data-settings=\"{&quot;_ha_eqh_enable&quot;:false}\">\n\t\t\t\t\t\t<div class=\"elementor-container elementor-column-gap-default\">\n\t\t\t\t\t<div class=\"elementor-column elementor-col-100 elementor-top-column elementor-element elementor-element-4d0234b6\" data-id=\"4d0234b6\" data-element_type=\"column\" data-e-type=\"column\">\n\t\t\t<div class=\"elementor-widget-wrap elementor-element-populated\">\n\t\t\t\t\t\t<div class=\"elementor-element elementor-element-2497eaee elementor-widget elementor-widget-google_maps\" data-id=\"2497eaee\" data-element_type=\"widget\" data-e-type=\"widget\" data-widget_type=\"google_maps.default\">\n\t\t\t\t<div class=\"elementor-widget-container\">\n\t\t\t\t\t\t\t<div class=\"elementor-custom-embed\">\n\t\t\t<iframe loading=\"lazy\"\n\t\t\t\t\tsrc=\"https:\/\/maps.google.com\/maps?q=Avenida%20Trabalhador%20s%C3%A3o-carlense%2C%20400&#038;t=m&#038;z=12&#038;output=embed&#038;iwloc=near\"\n\t\t\t\t\ttitle=\"Avenida Trabalhador s\u00e3o-carlense, 400\"\n\t\t\t\t\taria-label=\"Avenida Trabalhador s\u00e3o-carlense, 400\"\n\t\t\t><\/iframe>\n\t\t<\/div>\n\t\t\t\t\t\t<\/div>\n\t\t\t\t<\/div>\n\t\t\t\t\t<\/div>\n\t\t<\/div>\n\t\t\t\t\t<\/div>\n\t\t<\/section>\n\t\t\t\t<\/div>\n\t\t","protected":false},"excerpt":{"rendered":"<p>O CETEPE fica localizado na \u00c1rea I do Campus de S\u00e3o Carlos, que possui 3 entradas: Principal &#8211; Av. Trabalhador S\u00e3o Carlense, 400 &#8211;\u00a0mapa Pra\u00e7a dos Universit\u00e1rios &#8211; Rua Miguel Petroni, 144 &#8211; mapa Pra\u00e7a XV &#8211; Av. Doutor Carlos Botelho (acesso apenas a p\u00e9) &#8211; mapa Entrada Principal Campus 1 Pra\u00e7a dos Universit\u00e1rios Entrada&hellip; <a class=\"more-link\" href=\"https:\/\/voyager.eesc.usp.br\/cetepe\/index.php\/localizacao\/\">Continuar lendo <span class=\"screen-reader-text\">Localiza\u00e7\u00e3o<\/span><\/a><\/p>\n","protected":false},"author":1,"featured_media":0,"parent":0,"menu_order":0,"comment_status":"closed","ping_status":"closed","template":"elementor_header_footer","meta":{"footnotes":""},"class_list":["post-1461","page","type-page","status-publish","hentry","entry"],"_links":{"self":[{"href":"https:\/\/voyager.eesc.usp.br\/cetepe\/index.php\/wp-json\/wp\/v2\/pages\/1461","targetHints":{"allow":["GET"]}}],"collection":[{"href":"https:\/\/voyager.eesc.usp.br\/cetepe\/index.php\/wp-json\/wp\/v2\/pages"}],"about":[{"href":"https:\/\/voyager.eesc.usp.br\/cetepe\/index.php\/wp-json\/wp\/v2\/types\/page"}],"author":[{"embeddable":true,"href":"https:\/\/voyager.eesc.usp.br\/cetepe\/index.php\/wp-json\/wp\/v2\/users\/1"}],"replies":[{"embeddable":true,"href":"https:\/\/voyager.eesc.usp.br\/cetepe\/index.php\/wp-json\/wp\/v2\/comments?post=1461"}],"version-history":[{"count":6,"href":"https:\/\/voyager.eesc.usp.br\/cetepe\/index.php\/wp-json\/wp\/v2\/pages\/1461\/revisions"}],"predecessor-version":[{"id":2258,"href":"https:\/\/voyager.eesc.usp.br\/cetepe\/index.php\/wp-json\/wp\/v2\/pages\/1461\/revisions\/2258"}],"wp:attachment":[{"href":"https:\/\/voyager.eesc.usp.br\/cetepe\/index.php\/wp-json\/wp\/v2\/media?parent=1461"}],"curies":[{"name":"wp","href":"https:\/\/api.w.org\/{rel}","templated":true}]}}