{"id":2,"date":"2023-02-07T09:17:43","date_gmt":"2023-02-07T12:17:43","guid":{"rendered":"https:\/\/www.eesc.usp.br\/cetepe\/?page_id=2"},"modified":"2023-08-25T15:37:55","modified_gmt":"2023-08-25T18:37:55","slug":"estudio-digital","status":"publish","type":"page","link":"https:\/\/voyager.eesc.usp.br\/cetepe\/index.php\/estudio-digital\/","title":{"rendered":"Est\u00fadio Digital"},"content":{"rendered":"\t\t<div data-elementor-type=\"wp-page\" data-elementor-id=\"2\" class=\"elementor elementor-2\" data-elementor-settings=\"{&quot;ha_cmc_init_switcher&quot;:&quot;no&quot;}\" data-elementor-post-type=\"page\">\n\t\t\t\t<div class=\"elementor-element elementor-element-c1a4410 e-flex e-con-boxed e-con e-parent\" data-id=\"c1a4410\" data-element_type=\"container\" data-e-type=\"container\" data-settings=\"{&quot;background_background&quot;:&quot;classic&quot;,&quot;shape_divider_top&quot;:&quot;opacity-tilt&quot;,&quot;_ha_eqh_enable&quot;:false}\">\n\t\t\t\t\t<div class=\"e-con-inner\">\n\t\t\t\t<div class=\"elementor-shape elementor-shape-top\" aria-hidden=\"true\" data-negative=\"false\">\n\t\t\t<svg xmlns=\"http:\/\/www.w3.org\/2000\/svg\" viewBox=\"0 0 2600 131.1\" preserveAspectRatio=\"none\">\n\t<path class=\"elementor-shape-fill\" d=\"M0 0L2600 0 2600 69.1 0 0z\"\/>\n\t<path class=\"elementor-shape-fill\" style=\"opacity:0.5\" d=\"M0 0L2600 0 2600 69.1 0 69.1z\"\/>\n\t<path class=\"elementor-shape-fill\" style=\"opacity:0.25\" d=\"M2600 0L0 0 0 130.1 2600 69.1z\"\/>\n<\/svg>\t\t<\/div>\n\t\t\t\t<div class=\"elementor-element elementor-element-4aaa510 ha-has-bg-overlay elementor-widget elementor-widget-heading\" data-id=\"4aaa510\" data-element_type=\"widget\" data-e-type=\"widget\" data-widget_type=\"heading.default\">\n\t\t\t\t<div class=\"elementor-widget-container\">\n\t\t\t\t\t<h2 class=\"elementor-heading-title elementor-size-default\">Centro de Produ\u00e7\u00e3o Digital<\/h2>\t\t\t\t<\/div>\n\t\t\t\t<\/div>\n\t\t\t\t<div class=\"elementor-element elementor-element-940fa83 elementor-widget__width-initial ha-has-bg-overlay elementor-widget elementor-widget-text-editor\" data-id=\"940fa83\" data-element_type=\"widget\" data-e-type=\"widget\" data-widget_type=\"text-editor.default\">\n\t\t\t\t<div class=\"elementor-widget-container\">\n\t\t\t\t\t\t\t\t\t<p>Orienta\u00e7\u00e3o para Edi\u00e7\u00f5es<\/p>\t\t\t\t\t\t\t\t<\/div>\n\t\t\t\t<\/div>\n\t\t\t\t<div class=\"elementor-element elementor-element-5976307 elementor-widget__width-initial ha-has-bg-overlay elementor-widget elementor-widget-text-editor\" data-id=\"5976307\" data-element_type=\"widget\" data-e-type=\"widget\" data-widget_type=\"text-editor.default\">\n\t\t\t\t<div class=\"elementor-widget-container\">\n\t\t\t\t\t\t\t\t\t<p>&nbsp; Prepare cuidadosamente a sua apresenta\u00e7\u00e3o.<\/p>\n<ul>\n<li>Edi\u00e7\u00e3o do conte\u00fado, por exemplo, evitando redund\u00e2ncias.<br>Utilize as boas pr\u00e1ticas para a elabora\u00e7\u00e3o de slides. Certifique-se tamb\u00e9m sobre o tamanho das letras e legibilidade de gr\u00e1ficos e tabelas.<\/li>\n<li>Preocupe-se com a qualidade do \u00e1udio. Caso n\u00e3o tenha disponibilidade de equipamentos sofisticados, utilize ao menos um fone de celular no computador para garantir que possa ser ouvido, sem ru\u00eddos.<\/li>\n<li>Posicione-se em um ambiente com ilumina\u00e7\u00e3o frontal e c\u00e2mera na altura do rosto.<\/li>\n<li>Evite o contraluz (Fontes de luz que incidem direto na c\u00e2mera, vindas de tr\u00e1s do apresentador, como janelas). O rosto bem iluminado permite que os membros do evento possam visualizar as express\u00f5es faciais ao longo da apresenta\u00e7\u00e3o.<\/li>\n<\/ul>\t\t\t\t\t\t\t\t<\/div>\n\t\t\t\t<\/div>\n\t\t\t\t<div class=\"elementor-element elementor-element-13c8599 elementor-widget__width-initial elementor-widget elementor-widget-text-editor\" data-id=\"13c8599\" data-element_type=\"widget\" data-e-type=\"widget\" data-widget_type=\"text-editor.default\">\n\t\t\t\t<div class=\"elementor-widget-container\">\n\t\t\t\t\t\t\t\t\t<p>Como solicitar a reserva<\/p>\t\t\t\t\t\t\t\t<\/div>\n\t\t\t\t<\/div>\n\t\t\t\t<div class=\"elementor-element elementor-element-7f71dbf elementor-widget__width-initial elementor-widget elementor-widget-text-editor\" data-id=\"7f71dbf\" data-element_type=\"widget\" data-e-type=\"widget\" data-widget_type=\"text-editor.default\">\n\t\t\t\t<div class=\"elementor-widget-container\">\n\t\t\t\t\t\t\t\t\t<p>Para reservar o est\u00fadio, preencha o formul\u00e1rio de reserva clicando no bot\u00e3o abaixo.<\/p><p>De Segunda a Sexta das: 8h as 12h e das 14h as 18h<\/p>\t\t\t\t\t\t\t\t<\/div>\n\t\t\t\t<\/div>\n\t\t\t\t<div class=\"elementor-element elementor-element-e17aa31 elementor-align-center elementor-widget elementor-widget-button\" data-id=\"e17aa31\" data-element_type=\"widget\" data-e-type=\"widget\" data-widget_type=\"button.default\">\n\t\t\t\t<div class=\"elementor-widget-container\">\n\t\t\t\t\t\t\t\t\t<div class=\"elementor-button-wrapper\">\n\t\t\t\t\t<a class=\"elementor-button elementor-button-link elementor-size-sm\" href=\"https:\/\/docs.google.com\/forms\/d\/e\/1FAIpQLSeyJWms3Tz60j1nzlZwuitwsSgoRIoAuz0mq0qQlB0NWvDNTw\/viewform?usp=pp_url\">\n\t\t\t\t\t\t<span class=\"elementor-button-content-wrapper\">\n\t\t\t\t\t\t\t\t\t<span class=\"elementor-button-text\">Formul\u00e1rio de Solicita\u00e7\u00e3o<\/span>\n\t\t\t\t\t<\/span>\n\t\t\t\t\t<\/a>\n\t\t\t\t<\/div>\n\t\t\t\t\t\t\t\t<\/div>\n\t\t\t\t<\/div>\n\t\t\t\t\t<\/div>\n\t\t\t\t<\/div>\n\t\t\t\t<\/div>\n\t\t","protected":false},"excerpt":{"rendered":"<p>Centro de Produ\u00e7\u00e3o Digital Orienta\u00e7\u00e3o para Edi\u00e7\u00f5es &nbsp; Prepare cuidadosamente a sua apresenta\u00e7\u00e3o. Edi\u00e7\u00e3o do conte\u00fado, por exemplo, evitando redund\u00e2ncias.Utilize as boas pr\u00e1ticas para a elabora\u00e7\u00e3o de slides. Certifique-se tamb\u00e9m sobre o tamanho das letras e legibilidade de gr\u00e1ficos e tabelas. Preocupe-se com a qualidade do \u00e1udio. Caso n\u00e3o tenha disponibilidade de equipamentos sofisticados, utilize&hellip; <a class=\"more-link\" href=\"https:\/\/voyager.eesc.usp.br\/cetepe\/index.php\/estudio-digital\/\">Continuar lendo <span class=\"screen-reader-text\">Est\u00fadio Digital<\/span><\/a><\/p>\n","protected":false},"author":1,"featured_media":819,"parent":0,"menu_order":0,"comment_status":"closed","ping_status":"closed","template":"elementor_header_footer","meta":{"footnotes":""},"class_list":["post-2","page","type-page","status-publish","has-post-thumbnail","hentry","entry"],"_links":{"self":[{"href":"https:\/\/voyager.eesc.usp.br\/cetepe\/index.php\/wp-json\/wp\/v2\/pages\/2","targetHints":{"allow":["GET"]}}],"collection":[{"href":"https:\/\/voyager.eesc.usp.br\/cetepe\/index.php\/wp-json\/wp\/v2\/pages"}],"about":[{"href":"https:\/\/voyager.eesc.usp.br\/cetepe\/index.php\/wp-json\/wp\/v2\/types\/page"}],"author":[{"embeddable":true,"href":"https:\/\/voyager.eesc.usp.br\/cetepe\/index.php\/wp-json\/wp\/v2\/users\/1"}],"replies":[{"embeddable":true,"href":"https:\/\/voyager.eesc.usp.br\/cetepe\/index.php\/wp-json\/wp\/v2\/comments?post=2"}],"version-history":[{"count":21,"href":"https:\/\/voyager.eesc.usp.br\/cetepe\/index.php\/wp-json\/wp\/v2\/pages\/2\/revisions"}],"predecessor-version":[{"id":2639,"href":"https:\/\/voyager.eesc.usp.br\/cetepe\/index.php\/wp-json\/wp\/v2\/pages\/2\/revisions\/2639"}],"wp:featuredmedia":[{"embeddable":true,"href":"https:\/\/voyager.eesc.usp.br\/cetepe\/index.php\/wp-json\/wp\/v2\/media\/819"}],"wp:attachment":[{"href":"https:\/\/voyager.eesc.usp.br\/cetepe\/index.php\/wp-json\/wp\/v2\/media?parent=2"}],"curies":[{"name":"wp","href":"https:\/\/api.w.org\/{rel}","templated":true}]}}